
In base 14, what is 4 + -a52?
-a4c
In base 6, what is 5 + -200?
-151
In base 12, what is 1 - -9a?
9b
In base 2, what is 100101101 + 110?
100110011
In base 4, what is 20 + -2233?
-2213
In base 10, what is 741 - 2?
739
In base 5, what is 423 - 1?
422
In base 3, what is -1212 + 12000?
10011
In base 9, what is -465 - -3?
-462
In base 15, what is -5 - 15a?
-160
In base 13, what is -37a + 5?
-375
In base 6, what is -225 + 0?
-225
In base 6, what is -4 + -21?
-25
In base 9, what is -1026 - 1?
-1027
In base 16, what is 1bd + a?
1c7
In base 5, what is -11231 - 10?
-11241
In base 2, what is 10 - 11110110?
-11110100
In base 14, what is 3cd - -3?
3d2
In base 14, what is -3 - -25?
22
In base 12, what is 18 - -605?
621
In base 14, what is -40a + 3?
-407
In base 9, what is 5 + -244?
-238
In base 10, what is 242 + 26?
268
In base 2, what is 1010010001 + 0?
1010010001
In base 4, what is -10 + 1020?
1010
In base 2, what is 101 - -1110110?
1111011
In base 15, what is 5 - a25?
-a20
In base 8, what is 2 + 464?
466
In base 7, what is -5 - 36?
-44
In base 11, what is 217 + 80?
297
In base 13, what is 1a5 + 2?
1a7
In base 3, what is 101 + -102202?
-102101
In base 10, what is -50 + -118?
-168
In base 13, what is -20 + -4?
-24
In base 3, what is 2121000 + -2?
2120221
In base 16, what is -34a - 6?
-350
In base 7, what is 4 + -546?
-542
In base 14, what is 0 - a7?
-a7
In base 13, what is -3 + -b?
-11
In base 14, what is 13 + -15?
-2
In base 3, what is 1000 - -20?
1020
In base 2, what is 1000 - 11111100?
-11110100
In base 11, what is 3 + 76?
79
In base 8, what is 4 - -646?
652
In base 9, what is 2 - 506?
-504
In base 13, what is 8 - -c?
17
In base 7, what is 4 + -2553?
-2546
In base 16, what is -1 + -11c?
-11d
In base 4, what is 13 - 102?
-23
In base 6, what is -22 - -4?
-14
In base 4, what is 233 + 1123?
2022
In base 9, what is 20 - -73?
103
In base 10, what is 4 + -579?
-575
In base 2, what is 11011001 - 101?
11010100
In base 11, what is 2 - -1444?
1446
In base 12, what is -47 - 0?
-47
In base 11, what is -1a - 7?
-26
In base 13, what is -2b1 - 2?
-2b3
In base 9, what is -4 - 1021?
-1025
In base 13, what is 4 + 147?
14b
In base 8, what is -5 + 22?
15
In base 9, what is -2130 + -5?
-2135
In base 2, what is 100 + -100101000?
-100100100
In base 7, what is 50 + 0?
50
In base 3, what is -101202 + 1?
-101201
In base 7, what is 11 + 2?
13
In base 2, what is 1001111110110 + -110?
1001111110000
In base 5, what is 41 + -3?
33
In base 5, what is 4 + -22114?
-22110
In base 8, what is 25233 + 0?
25233
In base 11, what is -7 - -70?
64
In base 9, what is 4 + -81?
-76
In base 7, what is -11 - -11652?
11641
In base 10, what is 2 - 85?
-83
In base 6, what is -3 + -312?
-315
In base 5, what is -3 + 422?
414
In base 11, what is -113 + 0?
-113
In base 8, what is -33134 - -2?
-33132
In base 11, what is 2748 - 0?
2748
In base 2, what is 101 - 101010010?
-101001101
In base 2, what is 110 + 1010010110?
1010011100
In base 10, what is -4199 - 3?
-4202
In base 16, what is -fb + f?
-ec
In base 9, what is 182 - -14?
206
In base 12, what is 3 + 1366?
1369
In base 13, what is 872 - -2?
874
In base 13, what is 3c2 - -2?
3c4
In base 16, what is 7 + 211?
218
In base 5, what is -433 + -4?
-442
In base 3, what is -11021 - -10?
-11011
In base 9, what is 10 - -6?
16
In base 6, what is 3 + -1050?
-1043
In base 10, what is 3 + -5046?
-5043
In base 13, what is 498 + 1?
499
In base 5, what is -3 + 2402?
2344
In base 12, what is -7698 + 2?
-7696
In base 15, what is 204 - d?
1e6
In base 14, what is 0 + 17?
17
In base 4, what is -21 - 1210?
-1231
In base 9, what is -278 - 1?
-280
In base 16, what is 0 - -333?
333
In base 15, what is -10 + 146?
136
In base 16, what is 16 + -19?
-3
In base 14, what is 0 + 86?
86
In base 8, what is 141 - -3?
144
In base 13, what is -a5b + -4?
-a62
In base 7, what is -5 + 14?
6
In base 12, what is 18 + -13?
5
In base 10, what is 1 - -36?
37
In base 8, what is -320 - -1?
-317
In base 4, what is 1 - 2022?
-2021
In base 6, what is -4 - 4005?
-4013
In base 8, what is -31377 - 3?
-31402
In base 7, what is 5 + -26?
-21
In base 7, what is 1 - -32?
33
In base 5, what is 1 + 242?
243
In base 16, what is 0 + 3?
3
In base 12, what is 23 - 12?
11
In base 16, what is -1 + 58?
57
In base 8, what is 0 - -4654?
4654
In base 13, what is 4 - -1c3b?
1c42
In base 3, what is 101022 - -12?
101111
In base 9, what is 1 + -141?
-140
In base 8, what is 5 - -1374?
1401
In base 6, what is 10 - 4?
2
In base 15, what is 5 - 159?
-154
In base 14, what is -3 + -1430?
-1433
In base 13, what is -84 - 2?
-86
In base 7, what is 52 + 126?
211
In base 8, what is -5 - 4543?
-4550
In base 14, what is 21 + 124?
145
In base 13, what is 5 + 2c6?
2cb
In base 14, what is 18a + 0?
18a
In base 14, what is 6 + -13?
-b
In base 3, what is 1 + -2002?
-2001
In base 8, what is 4 + 3617?
3623
In base 3, what is -1011 + 101001?
22220
In base 11, what is 35 - 0?
35
In base 14, what is -2 - 1?
-3
In base 11, what is 3 + 17a?
182
In base 13, what is 168 - -3?
16b
In base 16, what is -4e - -3?
-4b
In base 16, what is -fbd + -3?
-fc0
In base 16, what is 1 - d1b?
-d1a
In base 5, what is 2 - -2140?
2142
In base 2, what is 10001011 - -101?
10010000
In base 2, what is 100 - -101111?
110011
In base 5, what is 44331 + 0?
44331
In base 5, what is -1 + 14021?
14020
In base 12, what is -50 + 4?
-48
In base 7, what is -5 - -45?
40
In base 2, what is -101010010 + 0?
-101010010
In base 6, what is -2 - -21022?
21020
In base 11, what is -a97 - -1?
-a96
In base 11, what is -4 + -150?
-154
In base 8, what is -174 - 5?
-201
In base 4, what is 13 + -12?
1
In base 15, what is 5 - -33?
38
In base 6, what is 34 + -2?
32
In base 5, what is -14 - 300?
-314
In base 6, what is 134 + 14?
152
In base 2, what is -10100101011 - 11?
-10100101110
In base 12, what is b + -4?
7
In base 12, what is 4 + 123?
127
In base 12, what is 4 - 44?
-40
In base 4, what is -31 + 2131?
2100
In base 13, what is -4 + -15?
-19
In base 2, what is -111011 + -10001?
-1001100
In base 15, what is -5c + 1c?
-40
In base 16, what is 5 - 81f?
-81a
In base 15, what is -d - -6a?
5c
In base 4, what is -300 - 2032?
-2332
In base 4, what is -2 + 13002?
13000
In base 5, what is 1 - 112?
-111
In base 7, what is 152564 + -2?
152562
In base 10, what is -37 + -23?
-60
In base 13, what is -17 - -4?
-13
In base 16, what is 2da + 4?
2de
In base 9, what is -14 - 425?
-440
In base 11, what is 4 - 529?
-525
In base 8, what is -5 + 5366?
5361
In base 6, what is -3 + 503?
500
In base 15, what is -6 - b3?
-b9
In base 2, what is 101001000111 + 10011?
101001011010
In base 2, what is -10 - 1100000011?
-1100000101
In base 16, what is -10b + 4?
-107
In base 3, what is 11 + -2?
2
In base 15, what is 1c - d?
e
In base 15, what is -132 + 2?
-130
In base 10, what is -11 - 41?
-52
In base 6, what is -11 + 453?
442
In base 7, what is -3 + 2162?
2156
In base 16, what is 3f + 1?
40
In base 3, what is -10 + -10012?
-10022
In base 3, what is -1 + 1011110?
1011102
In base 10, what is 8563 + -4?
8559
In base 13, what is 15 + 8?
20
In base 15, what is -2 - 74?
-76
In base 15, what is -19 + -1?
-1a
In base 5, what is 4012 - -3?
4020
In base 12, what is -2 - -10?
a
In base 13, what is 9 - -3b?
47
In base 11, what is -3a + 4?
-36
In base 12, what is 5 - 187?
-182
In base 5, what is -2411 - 1?
-2412
In base 6, what is 15 - -53?
112
In base 13, what is -3 - -223?
220
In base 9, what is 18 - 46?
-27
In base 8, what is 51 - 107?
-36
In base 7, what is -316065 + 4?
-316061
In base 14, what is -6b - -b9?
4c
In base 4, what is 1 - 121?
-120
In base 16, what is 3a + 7?
41
In base 5, what is 13 + 0?
13
In base 4, what is 1031 + 3130?
10221
In base 14, what is -12d + 3?
-12a
In base 13, what is -3c + 83?
44
In base 10, what is -542 + -2?
-544
In base 2, what is -110110000111 - -1?
-110110000110
In base 15, what is -22b + 2?
-229
In base 10, what is 0 - 4456?
-4456
In base 15, what is 3 - -2a3?
2a6
In base 8, what is 142 + 5?
147
In base 16, what is -24ff + -3?
-2502
In base 12, what is -3 - -50a2?
509b
In base 11, what is 196 - -6?
1a1
In base 4, what is 100302 + 0?
100302
In base 12, what is 1 + 48?
49
In base 14, what is 14 + 0?
14
In base 10, what is -3 + -46?
-49
In base 5, what is 2 - -14014?
14021
In base 12, what is 461 + 4?
465
In base 8